{"id":724,"date":"2021-10-18T15:37:35","date_gmt":"2021-10-18T15:37:35","guid":{"rendered":"https:\/\/www.indarfor.it\/?page_id=724"},"modified":"2021-10-18T15:58:06","modified_gmt":"2021-10-18T15:58:06","slug":"corsi-di-sicurezza","status":"publish","type":"page","link":"https:\/\/www.indarfor.it\/index.php\/corsi-di-sicurezza\/","title":{"rendered":"Corsi di sicurezza"},"content":{"rendered":"\t\t<div data-elementor-type=\"wp-page\" data-elementor-id=\"724\" class=\"elementor elementor-724\" data-elementor-post-type=\"page\">\n\t\t\t\t\t\t<section class=\"elementor-section elementor-top-section elementor-element elementor-element-56f5895b elementor-section-height-min-height elementor-section-boxed elementor-section-height-default elementor-section-items-middle\" data-id=\"56f5895b\" data-element_type=\"section\" data-settings=\"{&quot;background_background&quot;:&quot;classic&quot;}\">\n\t\t\t\t\t\t\t<div class=\"elementor-background-overlay\"><\/div>\n\t\t\t\t\t\t\t<div class=\"elementor-container elementor-column-gap-default\">\n\t\t\t\t\t<div class=\"elementor-column elementor-col-100 elementor-top-column elementor-element elementor-element-78b812b6\" data-id=\"78b812b6\" data-element_type=\"column\">\n\t\t\t<div class=\"elementor-widget-wrap elementor-element-populated\">\n\t\t\t\t\t\t\t<\/div>\n\t\t<\/div>\n\t\t\t\t\t<\/div>\n\t\t<\/section>\n\t\t\t\t<section class=\"elementor-section elementor-top-section elementor-element elementor-element-6b2a7490 elementor-section-boxed elementor-section-height-default elementor-section-height-default\" data-id=\"6b2a7490\" data-element_type=\"section\">\n\t\t\t\t\t\t<div class=\"elementor-container elementor-column-gap-default\">\n\t\t\t\t\t<div class=\"elementor-column elementor-col-100 elementor-top-column elementor-element elementor-element-4e09446\" data-id=\"4e09446\" data-element_type=\"column\" data-settings=\"{&quot;background_background&quot;:&quot;classic&quot;}\">\n\t\t\t<div class=\"elementor-widget-wrap elementor-element-populated\">\n\t\t\t\t\t\t<section class=\"elementor-section elementor-inner-section elementor-element elementor-element-6d46cadd elementor-section-boxed elementor-section-height-default elementor-section-height-default\" data-id=\"6d46cadd\" data-element_type=\"section\">\n\t\t\t\t\t\t<div class=\"elementor-container elementor-column-gap-default\">\n\t\t\t\t\t<div class=\"elementor-column elementor-col-100 elementor-inner-column elementor-element elementor-element-4de6f664\" data-id=\"4de6f664\" data-element_type=\"column\">\n\t\t\t<div class=\"elementor-widget-wrap elementor-element-populated\">\n\t\t\t\t\t\t<div class=\"elementor-element elementor-element-41be7cf5 elementor-widget elementor-widget-heading\" data-id=\"41be7cf5\" data-element_type=\"widget\" data-widget_type=\"heading.default\">\n\t\t\t\t<div class=\"elementor-widget-container\">\n\t\t\t\t\t<h6 class=\"elementor-heading-title elementor-size-default\">Oltre alla consueta formazione d\u2019aula INDAR Formazione e Sviluppo \u00e8 al fianco delle imprese nell\u2019erogazione della formazione in materia di Salute e Sicurezza Sul Lavoro in modalit\u00e0 online, da remoto.<\/h6>\t\t\t\t<\/div>\n\t\t\t\t<\/div>\n\t\t\t\t\t<\/div>\n\t\t<\/div>\n\t\t\t\t\t<\/div>\n\t\t<\/section>\n\t\t\t\t<section class=\"elementor-section elementor-inner-section elementor-element elementor-element-67e3e7d9 elementor-section-full_width elementor-section-height-default elementor-section-height-default\" data-id=\"67e3e7d9\" data-element_type=\"section\">\n\t\t\t\t\t\t<div class=\"elementor-container elementor-column-gap-default\">\n\t\t\t\t\t<div class=\"elementor-column elementor-col-33 elementor-inner-column elementor-element elementor-element-568206a5\" data-id=\"568206a5\" data-element_type=\"column\" data-settings=\"{&quot;background_background&quot;:&quot;classic&quot;}\">\n\t\t\t<div class=\"elementor-widget-wrap elementor-element-populated\">\n\t\t\t\t\t\t<div class=\"elementor-element elementor-element-efa2c95 elementor-widget elementor-widget-spacer\" data-id=\"efa2c95\" data-element_type=\"widget\" data-widget_type=\"spacer.default\">\n\t\t\t\t<div class=\"elementor-widget-container\">\n\t\t\t\t\t\t\t<div class=\"elementor-spacer\">\n\t\t\t<div class=\"elementor-spacer-inner\"><\/div>\n\t\t<\/div>\n\t\t\t\t\t\t<\/div>\n\t\t\t\t<\/div>\n\t\t\t\t<div class=\"elementor-element elementor-element-391d4a1e elementor-widget elementor-widget-text-editor\" data-id=\"391d4a1e\" data-element_type=\"widget\" data-widget_type=\"text-editor.default\">\n\t\t\t\t<div class=\"elementor-widget-container\">\n\t\t\t\t\t\t\t\t\t<p><strong>I VANTAGGI DELLA FORMAZIONE ONLINE<\/strong>:<\/p><p><strong>-economicit\u00e0 dei tempi: scegli tu quando seguire la lezione online!<\/strong><\/p><p><strong>-economicit\u00e0 dei mezzi: scegli tu dove seguire la lezione online!<\/strong><\/p>\t\t\t\t\t\t\t\t<\/div>\n\t\t\t\t<\/div>\n\t\t\t\t\t<\/div>\n\t\t<\/div>\n\t\t\t\t<div class=\"elementor-column elementor-col-66 elementor-inner-column elementor-element elementor-element-42be882\" data-id=\"42be882\" data-element_type=\"column\" data-settings=\"{&quot;background_background&quot;:&quot;classic&quot;}\">\n\t\t\t<div class=\"elementor-widget-wrap elementor-element-populated\">\n\t\t\t\t\t\t<div class=\"elementor-element elementor-element-044d698 elementor-widget elementor-widget-text-editor\" data-id=\"044d698\" data-element_type=\"widget\" data-widget_type=\"text-editor.default\">\n\t\t\t\t<div class=\"elementor-widget-container\">\n\t\t\t\t\t\t\t\t\t<p>Come da Allegato I dell\u2019Accordo Stato Regioni del 21\/12\/2011 &lt;&lt;<em>La formazione alla sicurezza svolta in aula ha rappresentato tradizionalmente il modello di formazione in grado di garantire il pi\u00f9 elevato livello di interattivit\u00e0. L\u2019evoluzione delle nuove tecnologie, dei cambiamenti dei ritmi di vita (sempre pi\u00f9 frenetici e, quindi, con poco tempo a disposizione) e della stessa concezione della formazione, ai sensi delle linee guida per il 2010 concordate tra Governo, Regioni e parti sociali, in uno con l\u2019esigenza sempre pi\u00f9 pressante di soddisfare gli interessi dell\u2019utente, hanno reso possibile <strong>l\u2019affermazione di una modalit\u00e0 peculiare e attuale di formazione a distanza, indicata con il termine e-learning<\/strong><\/em>&gt;&gt;.<\/p><p>I nostri corsi sulla sicurezza online si tengono sulla piattaforma <strong>Moodle <\/strong>di Indar Formazione e Sviluppo.<\/p><p>Moodle\u00a0(acronimo di\u00a0<em>Modular Object-Oriented Dynamic Learning Environment<\/em>, ambiente per l&#8217;apprendimento modulare, dinamico, orientato ad oggetti) \u00e8 una piattaforma di <em>e-learning<\/em>, ovvero uno <strong>strumento didattico<\/strong>, con accesso ed utilizzo interamente <strong>web<\/strong>, che supporta la tradizionale didattica d&#8217;aula e permette al docente di pubblicare e rendere accessibile agli studenti il materiale didattico delle lezioni, di veicolare comunicazioni, di pubblicare informazioni sul corso e sulle lezioni, di somministrare compiti\/esercitazioni, test ed altro ancora.<\/p>\t\t\t\t\t\t\t\t<\/div>\n\t\t\t\t<\/div>\n\t\t\t\t\t<\/div>\n\t\t<\/div>\n\t\t\t\t\t<\/div>\n\t\t<\/section>\n\t\t\t\t\t<\/div>\n\t\t<\/div>\n\t\t\t\t\t<\/div>\n\t\t<\/section>\n\t\t\t\t<section class=\"elementor-section elementor-top-section elementor-element elementor-element-8df0824 elementor-section-boxed elementor-section-height-default elementor-section-height-default\" data-id=\"8df0824\" data-element_type=\"section\">\n\t\t\t\t\t\t<div class=\"elementor-container elementor-column-gap-default\">\n\t\t\t\t\t<div class=\"elementor-column elementor-col-100 elementor-top-column elementor-element elementor-element-31a275f\" data-id=\"31a275f\" data-element_type=\"column\" data-settings=\"{&quot;background_background&quot;:&quot;classic&quot;}\">\n\t\t\t<div class=\"elementor-widget-wrap elementor-element-populated\">\n\t\t\t\t\t\t<section class=\"elementor-section elementor-inner-section elementor-element elementor-element-d4314cd elementor-section-boxed elementor-section-height-default elementor-section-height-default\" data-id=\"d4314cd\" data-element_type=\"section\">\n\t\t\t\t\t\t<div class=\"elementor-container elementor-column-gap-default\">\n\t\t\t\t\t<div class=\"elementor-column elementor-col-100 elementor-inner-column elementor-element elementor-element-e705060\" data-id=\"e705060\" data-element_type=\"column\">\n\t\t\t<div class=\"elementor-widget-wrap elementor-element-populated\">\n\t\t\t\t\t\t<div class=\"elementor-element elementor-element-60e1c6a elementor-widget elementor-widget-heading\" data-id=\"60e1c6a\" data-element_type=\"widget\" data-widget_type=\"heading.default\">\n\t\t\t\t<div class=\"elementor-widget-container\">\n\t\t\t\t\t<h4 class=\"elementor-heading-title elementor-size-default\">Contattaci per un preventivo e per essere iscritto ad un corso online di sicurezza e salute nei luoghi di lavoro!<\/h4>\t\t\t\t<\/div>\n\t\t\t\t<\/div>\n\t\t\t\t\t<\/div>\n\t\t<\/div>\n\t\t\t\t\t<\/div>\n\t\t<\/section>\n\t\t\t\t<section class=\"elementor-section elementor-inner-section elementor-element elementor-element-52f771a elementor-section-full_width elementor-section-height-default elementor-section-height-default\" data-id=\"52f771a\" data-element_type=\"section\">\n\t\t\t\t\t\t<div class=\"elementor-container elementor-column-gap-default\">\n\t\t\t\t\t<div class=\"elementor-column elementor-col-50 elementor-inner-column elementor-element elementor-element-f4fc238\" data-id=\"f4fc238\" data-element_type=\"column\" data-settings=\"{&quot;background_background&quot;:&quot;classic&quot;}\">\n\t\t\t<div class=\"elementor-widget-wrap elementor-element-populated\">\n\t\t\t\t\t\t<div class=\"elementor-element elementor-element-b89b241 elementor-widget elementor-widget-text-editor\" data-id=\"b89b241\" data-element_type=\"widget\" data-widget_type=\"text-editor.default\">\n\t\t\t\t<div class=\"elementor-widget-container\">\n\t\t\t\t\t\t\t\t\t<p><strong>FORMAZIONE LAVORATORI MODULO GENERALE<\/strong><\/p><p>Il corso fornisce a tutti i lavoratori i principi generali della legge in materia di salute e sicurezza nei luoghi di lavoro. Questo corso \u00e8 rivolto a tutti i datori di lavoro che vogliono fornire ai propri dipendenti la formazione necessaria per essere in regola con il D.Lgs.81\/08 e s.m.i. La formazione \u00e8 finalizzata a creare consapevolezza e cultura sui rischi e sulle misure di sicurezza da applicare per preservare lo stato di sicurezza sul luogo di lavoro.<\/p>\t\t\t\t\t\t\t\t<\/div>\n\t\t\t\t<\/div>\n\t\t\t\t\t<\/div>\n\t\t<\/div>\n\t\t\t\t<div class=\"elementor-column elementor-col-50 elementor-inner-column elementor-element elementor-element-512d7d5\" data-id=\"512d7d5\" data-element_type=\"column\" data-settings=\"{&quot;background_background&quot;:&quot;classic&quot;}\">\n\t\t\t<div class=\"elementor-widget-wrap elementor-element-populated\">\n\t\t\t\t\t\t<div class=\"elementor-element elementor-element-0effdbc elementor-widget elementor-widget-text-editor\" data-id=\"0effdbc\" data-element_type=\"widget\" data-widget_type=\"text-editor.default\">\n\t\t\t\t<div class=\"elementor-widget-container\">\n\t\t\t\t\t\t\t\t\t<p><strong>FORMAZIONE LAVORATORI \u2013 FORMAZIONE SPECIFICA RISCHIO BASSO (PERSONALE IMPIEGATIZIO)<\/strong><\/p><p>Il corso fornisce ai lavoratori i principi generali della legge in materia di salute e sicurezza nei luoghi di lavoro. Questo corso \u00e8 rivolto a tutti i datori di lavoro che vogliono fornire ai propri dipendenti la formazione necessaria per essere in regola con il D.Lgs.81\/08 e s.m.i. La formazione \u00e8 finalizzata a creare consapevolezza e cultura sui rischi e sulle misure di sicurezza da applicare per preservare lo stato di sicurezza sul luogo di lavoro.<\/p>\t\t\t\t\t\t\t\t<\/div>\n\t\t\t\t<\/div>\n\t\t\t\t\t<\/div>\n\t\t<\/div>\n\t\t\t\t\t<\/div>\n\t\t<\/section>\n\t\t\t\t\t<\/div>\n\t\t<\/div>\n\t\t\t\t\t<\/div>\n\t\t<\/section>\n\t\t\t\t<\/div>\n\t\t","protected":false},"excerpt":{"rendered":"<p>Oltre alla consueta formazione d\u2019aula INDAR Formazione e Sviluppo \u00e8 al fianco delle imprese nell\u2019erogazione della formazione in materia di Salute e Sicurezza Sul Lavoro in modalit\u00e0 online, da remoto. I VANTAGGI DELLA FORMAZIONE ONLINE: -economicit\u00e0 dei tempi: scegli tu quando seguire la lezione online! -economicit\u00e0 dei mezzi: scegli tu dove seguire la lezione online! [&hellip;]<\/p>\n","protected":false},"author":1,"featured_media":0,"parent":0,"menu_order":0,"comment_status":"closed","ping_status":"closed","template":"elementor_header_footer","meta":{"footnotes":""},"class_list":["post-724","page","type-page","status-publish","hentry"],"yoast_head":"<!-- This site is optimized with the Yoast SEO plugin v24.7 - https:\/\/yoast.com\/wordpress\/plugins\/seo\/ -->\n<title>Corsi di sicurezza - Indar Formazione &amp; Sviluppo<\/title>\n<meta name=\"robots\" content=\"index, follow, max-snippet:-1, max-image-preview:large, max-video-preview:-1\" \/>\n<link rel=\"canonical\" href=\"https:\/\/www.indarfor.it\/index.php\/corsi-di-sicurezza\/\" \/>\n<meta property=\"og:locale\" content=\"it_IT\" \/>\n<meta property=\"og:type\" content=\"article\" \/>\n<meta property=\"og:title\" content=\"Corsi di sicurezza - Indar Formazione &amp; Sviluppo\" \/>\n<meta property=\"og:description\" content=\"Oltre alla consueta formazione d\u2019aula INDAR Formazione e Sviluppo \u00e8 al fianco delle imprese nell\u2019erogazione della formazione in materia di Salute e Sicurezza Sul Lavoro in modalit\u00e0 online, da remoto. I VANTAGGI DELLA FORMAZIONE ONLINE: -economicit\u00e0 dei tempi: scegli tu quando seguire la lezione online! -economicit\u00e0 dei mezzi: scegli tu dove seguire la lezione online! [&hellip;]\" \/>\n<meta property=\"og:url\" content=\"https:\/\/www.indarfor.it\/index.php\/corsi-di-sicurezza\/\" \/>\n<meta property=\"og:site_name\" content=\"Indar Formazione &amp; Sviluppo\" \/>\n<meta property=\"article:modified_time\" content=\"2021-10-18T15:58:06+00:00\" \/>\n<meta name=\"twitter:card\" content=\"summary_large_image\" \/>\n<meta name=\"twitter:label1\" content=\"Tempo di lettura stimato\" \/>\n\t<meta name=\"twitter:data1\" content=\"2 minuti\" \/>\n<script type=\"application\/ld+json\" class=\"yoast-schema-graph\">{\"@context\":\"https:\/\/schema.org\",\"@graph\":[{\"@type\":\"WebPage\",\"@id\":\"https:\/\/www.indarfor.it\/index.php\/corsi-di-sicurezza\/\",\"url\":\"https:\/\/www.indarfor.it\/index.php\/corsi-di-sicurezza\/\",\"name\":\"Corsi di sicurezza - Indar Formazione &amp; Sviluppo\",\"isPartOf\":{\"@id\":\"https:\/\/www.indarfor.it\/#website\"},\"datePublished\":\"2021-10-18T15:37:35+00:00\",\"dateModified\":\"2021-10-18T15:58:06+00:00\",\"breadcrumb\":{\"@id\":\"https:\/\/www.indarfor.it\/index.php\/corsi-di-sicurezza\/#breadcrumb\"},\"inLanguage\":\"it-IT\",\"potentialAction\":[{\"@type\":\"ReadAction\",\"target\":[\"https:\/\/www.indarfor.it\/index.php\/corsi-di-sicurezza\/\"]}]},{\"@type\":\"BreadcrumbList\",\"@id\":\"https:\/\/www.indarfor.it\/index.php\/corsi-di-sicurezza\/#breadcrumb\",\"itemListElement\":[{\"@type\":\"ListItem\",\"position\":1,\"name\":\"Home\",\"item\":\"https:\/\/www.indarfor.it\/\"},{\"@type\":\"ListItem\",\"position\":2,\"name\":\"Corsi di sicurezza\"}]},{\"@type\":\"WebSite\",\"@id\":\"https:\/\/www.indarfor.it\/#website\",\"url\":\"https:\/\/www.indarfor.it\/\",\"name\":\"Indar Formazione &amp; Sviluppo\",\"description\":\"Ente di formazione\",\"potentialAction\":[{\"@type\":\"SearchAction\",\"target\":{\"@type\":\"EntryPoint\",\"urlTemplate\":\"https:\/\/www.indarfor.it\/?s={search_term_string}\"},\"query-input\":{\"@type\":\"PropertyValueSpecification\",\"valueRequired\":true,\"valueName\":\"search_term_string\"}}],\"inLanguage\":\"it-IT\"}]}<\/script>\n<!-- \/ Yoast SEO plugin. -->","yoast_head_json":{"title":"Corsi di sicurezza - Indar Formazione &amp; Sviluppo","robots":{"index":"index","follow":"follow","max-snippet":"max-snippet:-1","max-image-preview":"max-image-preview:large","max-video-preview":"max-video-preview:-1"},"canonical":"https:\/\/www.indarfor.it\/index.php\/corsi-di-sicurezza\/","og_locale":"it_IT","og_type":"article","og_title":"Corsi di sicurezza - Indar Formazione &amp; Sviluppo","og_description":"Oltre alla consueta formazione d\u2019aula INDAR Formazione e Sviluppo \u00e8 al fianco delle imprese nell\u2019erogazione della formazione in materia di Salute e Sicurezza Sul Lavoro in modalit\u00e0 online, da remoto. I VANTAGGI DELLA FORMAZIONE ONLINE: -economicit\u00e0 dei tempi: scegli tu quando seguire la lezione online! -economicit\u00e0 dei mezzi: scegli tu dove seguire la lezione online! [&hellip;]","og_url":"https:\/\/www.indarfor.it\/index.php\/corsi-di-sicurezza\/","og_site_name":"Indar Formazione &amp; Sviluppo","article_modified_time":"2021-10-18T15:58:06+00:00","twitter_card":"summary_large_image","twitter_misc":{"Tempo di lettura stimato":"2 minuti"},"schema":{"@context":"https:\/\/schema.org","@graph":[{"@type":"WebPage","@id":"https:\/\/www.indarfor.it\/index.php\/corsi-di-sicurezza\/","url":"https:\/\/www.indarfor.it\/index.php\/corsi-di-sicurezza\/","name":"Corsi di sicurezza - Indar Formazione &amp; Sviluppo","isPartOf":{"@id":"https:\/\/www.indarfor.it\/#website"},"datePublished":"2021-10-18T15:37:35+00:00","dateModified":"2021-10-18T15:58:06+00:00","breadcrumb":{"@id":"https:\/\/www.indarfor.it\/index.php\/corsi-di-sicurezza\/#breadcrumb"},"inLanguage":"it-IT","potentialAction":[{"@type":"ReadAction","target":["https:\/\/www.indarfor.it\/index.php\/corsi-di-sicurezza\/"]}]},{"@type":"BreadcrumbList","@id":"https:\/\/www.indarfor.it\/index.php\/corsi-di-sicurezza\/#breadcrumb","itemListElement":[{"@type":"ListItem","position":1,"name":"Home","item":"https:\/\/www.indarfor.it\/"},{"@type":"ListItem","position":2,"name":"Corsi di sicurezza"}]},{"@type":"WebSite","@id":"https:\/\/www.indarfor.it\/#website","url":"https:\/\/www.indarfor.it\/","name":"Indar Formazione &amp; Sviluppo","description":"Ente di formazione","potentialAction":[{"@type":"SearchAction","target":{"@type":"EntryPoint","urlTemplate":"https:\/\/www.indarfor.it\/?s={search_term_string}"},"query-input":{"@type":"PropertyValueSpecification","valueRequired":true,"valueName":"search_term_string"}}],"inLanguage":"it-IT"}]}},"_links":{"self":[{"href":"https:\/\/www.indarfor.it\/index.php\/wp-json\/wp\/v2\/pages\/724","targetHints":{"allow":["GET"]}}],"collection":[{"href":"https:\/\/www.indarfor.it\/index.php\/wp-json\/wp\/v2\/pages"}],"about":[{"href":"https:\/\/www.indarfor.it\/index.php\/wp-json\/wp\/v2\/types\/page"}],"author":[{"embeddable":true,"href":"https:\/\/www.indarfor.it\/index.php\/wp-json\/wp\/v2\/users\/1"}],"replies":[{"embeddable":true,"href":"https:\/\/www.indarfor.it\/index.php\/wp-json\/wp\/v2\/comments?post=724"}],"version-history":[{"count":4,"href":"https:\/\/www.indarfor.it\/index.php\/wp-json\/wp\/v2\/pages\/724\/revisions"}],"predecessor-version":[{"id":732,"href":"https:\/\/www.indarfor.it\/index.php\/wp-json\/wp\/v2\/pages\/724\/revisions\/732"}],"wp:attachment":[{"href":"https:\/\/www.indarfor.it\/index.php\/wp-json\/wp\/v2\/media?parent=724"}],"curies":[{"name":"wp","href":"https:\/\/api.w.org\/{rel}","templated":true}]}}